 remainder when 149622 is divided by 19?
16
What is the remainder when 9944 is divided by 3238?
230
What is the remainder when 205409 is divided by 205?
204
What is the remainder when 4006 is divided by 8?
6
What is the remainder when 17021 is divided by 1063?
13
What is the remainder when 5464 is divided by 42?
4
Calculate the remainder when 147 is divided by 96.
51
What is the remainder when 333898 is divided by 315?
313
What is the remainder when 9007 is divided by 347?
332
Calculate the remainder when 45365 is divided by 375.
365
Calculate the remainder when 4080 is divided by 699.
585
What is the remainder when 19107 is divided by 81?
72
Calculate the remainder when 555 is divided by 64.
43
What is the remainder when 53209 is divided by 83?
6
Calculate the remainder when 317413 is divided by 2369.
2336
What is the remainder when 8034 is divided by 582?
468
Calculate the remainder when 141108 is divided by 73.
72
Calculate the remainder when 27183 is divided by 6784.
47
What is the remainder when 10755 is divided by 5320?
115
Calculate the remainder when 25999 is divided by 7.
1
What is the remainder when 2839065 is divided by 12?
9
What is the remainder when 1003 is divided by 122?
27
What is the remainder when 13359 is divided by 1216?
1199
What is the remainder when 59122 is divided by 389?
383
What is the remainder when 266399 is divided by 133191?
17
What is the remainder when 5546 is divided by 1791?
173
What is the remainder when 2564 is divided by 41?
22
What is the remainder when 10987 is divided by 1095?
37
What is the remainder when 697 is divided by 33?
4
What is the remainder when 1843 is divided by 589?
76
Calculate the remainder when 8108623 is divided by 125.
123
What is the remainder when 776668 is divided by 613?
610
Calculate the remainder when 99266 is divided by 332.
330
What is the remainder when 4905 is divided by 448?
425
What is the remainder when 9940 is divided by 915?
790
What is the remainder when 102058 is divided by 540?
538
Calculate the remainder when 7684 is divided by 493.
289
What is the remainder when 2962 is divided by 26?
24
What is the remainder when 2760 is divided by 913?
21
Calculate the remainder when 159996 is divided by 22854.
18
What is the remainder when 809440 is divided by 809422?
18
Calculate the remainder when 9657 is divided by 1547.
375
Calculate the remainder when 28055 is divided by 1240.
775
Calculate the remainder when 20518 is divided by 116.
102
What is the remainder when 65017 is divided by 9287?
8
Calculate the remainder when 1307 is divided by 654.
653
What is the remainder when 157958 is divided by 88?
86
Calculate the remainder when 8257 is divided by 4106.
45
Calculate the remainder when 3644 is divided by 1128.
260
What is the remainder when 210938 is divided by 22?
2
Calculate the remainder when 19228 is divided by 119.
69
What is the remainder when 2496 is divided by 52?
0
What is the remainder when 2550 is divided by 280?
30
What is the remainder when 5335 is divided by 28?
15
What is the remainder when 66702 is divided by 33346?
10
Calculate the remainder when 8930 is divided by 282.
188
What is the remainder when 309696 is divided by 151?
146
What is the remainder when 769326 is divided by 1988?
1958
Calculate the remainder when 728 is divided by 20.
8
Calculate the remainder when 25246 is divided by 1890.
676
Calculate the remainder when 259976 is divided by 105.
101
What is the remainder when 55051 is divided by 4587?
7
What is the remainder when 5270 is divided by 190?
140
Calculate the remainder when 842 is divided by 388.
66
What is the remainder when 17925 is divided by 25?
0
What is the remainder when 12691 is divided by 1942?
1039
What is the remainder when 177495 is divided by 114?
111
Calculate the remainder when 159020 is divided by 31803.
5
Calculate the remainder when 32536 is divided by 11.
9
Calculate the remainder when 5261 is divided by 1004.
241
Calculate the remainder when 72512 is divided by 1576.
16
Calculate the remainder when 173537 is divided by 56.
49
Calculate the remainder when 13988 is divided by 197.
1
Calculate the remainder when 381220 is divided by 36.
16
What is the remainder when 18461 is divided by 104?
53
Calculate the remainder when 3236 is divided by 1430.
376
What is the remainder when 10465 is divided by 15?
10
Calculate the remainder when 11512 is divided by 4.
0
What is the remainder when 131999 is divided by 65989?
21
What is the remainder when 3157608 is divided by 1052535?
3
Calculate the remainder when 1354 is divided by 112.
10
Calculate the remainder when 1273 is divided by 1236.
37
Calculate the remainder when 751073 is divided by 83452.
5
What is the remainder when 23326 is divided by 11597?
132
What is the remainder when 32750 is divided by 5446?
74
Calculate the remainder when 1811 is divided by 286.
95
Calculate the remainder when 464539 is divided by 12.
7
Calculate the remainder when 300323 is divided by 348.
347
What is the remainder when 2958 is divided by 1632?
1326
Calculate the remainder when 929 is divided by 857.
72
Calculate the remainder when 57475 is divided by 58.
55
What is the remainder when 9684 is divided by 422?
400
Calculate the remainder when 1068 is divided by 26.
2
Calculate the remainder when 11711 is divided by 2908.
79
What is the remainder when 3553 is divided by 883?
21
Calculate the remainder when 626 is divided by 123.
11
What is the remainder when 2557 is divided by 69?
4
What is the remainder when 2133050 is divided by 71?
68
What is the remainder when 18811 is divided by 32?
27
What is the remainder when 98554 is divided by 100?
54
Calculate the remainder when 247705 is divided by 123841.
23
What is the remainder when 10838 is divided by 27?
11
What is the remainder when 21208 is divided by 15?
13
Calculate the remainder when 18648 is divided by 357.
84
Calculate the remainder when 12949 is divided by 460.
69
Calculate the remainder when 104946 is divided by 241.
111
Calculate the remainder when 293246 is divided by 1115.
1
What is the remainder when 7930 is divided by 41?
17
What is the remainder when 62469 is divided by 4164?
9
Calculate the remainder when 953666 is divided by 11.
10
What is the remainder when 915 is divided by 33?
24
What is the remainder when 23202 is divided by 1307?
983
Calculate the remainder when 41999 is divided by 125.
124
Calculate the remainder when 4170 is divided by 757.
385
What is the remainder when 259224 is divided by 9?
6
Calculate the remainder when 19685 is divided by 84.
29
What is the remainder when 191020 is divided by 2011?
1986
Calculate the remainder when 35477 is divided by 11785.
122
Calculate the remainder when 1724762 is divided by 19.
18
Calculate the remainder when 4060 is divided by 120.
100
Calculate the remainder when 4626 is divided by 651.
69
What is the remainder when 324 is divided by 8?
4
What is the remainder when 623 is divided by 431?
192
What is the remainder when 19604 is divided by 15?
14
What is the remainder when 50005 is divided by 24968?
69
Calculate the remainder when 1966 is divided by 222.
190
Calculate the remainder when 1425236 is divided by 90.
86
Calculate the remainder when 62621 is divided by 10433.
23
Calculate the remainder when 3141 is divided by 1555.
31
What is the remainder when 16545 is divided by 34?
21
Calculate the remainder when 124 is divided by 19.
10
What is the remainder when 75571 is divided by 3?
1
What is the remainder when 19061 is divided by 1208?
941
What is the remainder when 377 is divided by 153?
71
Calculate the remainder when 160353 is divided by 65.
63
What is the remainder when 246188 is divided by 61533?
56
Calculate the remainder when 181688 is divided by 63.
59
Calculate the remainder when 5817 is divided by 1484.
1365
What is the remainder when 472020 is divided by 284?
12
What is the remainder when 94639 is divided by 18926?
9
What is the remainder when 65830 is divided by 104?
102
What is the remainder when 3634 is divided by 303?
301
Calculate the remainder when 1895 is divided by 1438.
457
Calculate the remainder when 63580 is divided by 118.
96
What is the remainder when 285841 is divided by 249?
238
What is the remainder when 1658 is divided by 211?
181
What is the re